he tens digit of 9449?
4
What is the hundreds digit of 2225?
2
What is the thousands digit of 16437?
6
What is the units digit of 3442?
2
What is the hundreds digit of 9106?
1
What is the thousands digit of 31879?
1
What is the thousands digit of 43703?
3
What is the tens digit of 2785?
8
What is the units digit of 55?
5
What is the ten thousands digit of 44627?
4
What is the thousands digit of 1107?
1
What is the units digit of 7479?
9
What is the hundreds digit of 621?
6
What is the thousands digit of 1137?
1
What is the units digit of 27781?
1
What is the hundreds digit of 184?
1
What is the units digit of 748?
8
What is the hundreds digit of 807?
8
What is the units digit of 160?
0
What is the tens digit of 29969?
6
What is the units digit of 550?
0
What is the units digit of 2201?
1
What is the ten thousands digit of 57837?
5
What is the thousands digit of 112322?
2
What is the hundreds digit of 925?
9
What is the tens digit of 10081?
8
What is the units digit of 39109?
9
What is the hundreds digit of 4730?
7
What is the thousands digit of 123004?
3
What is the thousands digit of 37173?
7
What is the units digit of 28347?
7
What is the units digit of 10197?
7
What is the units digit of 296?
6
What is the hundreds digit of 27466?
4
What is the tens digit of 1541?
4
What is the hundreds digit of 655?
6
What is the ten thousands digit of 13048?
1
What is the thousands digit of 26789?
6
What is the thousands digit of 7706?
7
What is the tens digit of 71548?
4
What is the thousands digit of 3349?
3
What is the tens digit of 39435?
3
What is the ten thousands digit of 178246?
7
What is the thousands digit of 24929?
4
What is the thousands digit of 28165?
8
What is the tens digit of 1788?
8
What is the units digit of 354?
4
What is the units digit of 10976?
6
What is the units digit of 2731?
1
What is the ten thousands digit of 66263?
6
What is the thousands digit of 17403?
7
What is the thousands digit of 12965?
2
What is the tens digit of 1653?
5
What is the hundreds digit of 55612?
6
What is the thousands digit of 5865?
5
What is the hundreds digit of 2752?
7
What is the units digit of 1208?
8
What is the thousands digit of 10242?
0
What is the tens digit of 288?
8
What is the hundreds digit of 10102?
1
What is the thousands digit of 38838?
8
What is the tens digit of 404?
0
What is the thousands digit of 5665?
5
What is the ten thousands digit of 38045?
3
What is the tens digit of 40123?
2
What is the tens digit of 5026?
2
What is the hundreds digit of 30352?
3
What is the thousands digit of 16549?
6
What is the hundreds digit of 8271?
2
What is the ten thousands digit of 10846?
1
What is the units digit of 734?
4
What is the units digit of 5793?
3
What is the units digit of 5733?
3
What is the units digit of 17189?
9
What is the hundreds digit of 7903?
9
What is the hundreds digit of 10875?
8
What is the units digit of 6052?
2
What is the tens digit of 36305?
0
What is the thousands digit of 2627?
2
What is the units digit of 767?
7
What is the thousands digit of 2255?
2
What is the thousands digit of 4412?
4
What is the hundreds digit of 105265?
2
What is the units digit of 197?
7
What is the tens digit of 8700?
0
What is the hundreds digit of 1889?
8
What is the ten thousands digit of 49813?
4
What is the ten thousands digit of 13092?
1
What is the hundreds digit of 10088?
0
What is the hundreds digit of 991?
9
What is the thousands digit of 3411?
3
What is the thousands digit of 2028?
2
What is the ten thousands digit of 17154?
1
What is the units digit of 3760?
0
What is the units digit of 12147?
7
What is the hundreds digit of 25252?
2
What is the hundreds digit of 971?
9
What is the thousands digit of 1334?
1
What is the thousands digit of 1878?
1
What is the units digit of 30189?
9
What is the tens digit of 1374?
7
What is the thousands digit of 2042?
2
What is the hundreds digit of 8261?
2
What is the units digit of 5293?
3
What is the hundreds digit of 6044?
0
What is the hundreds digit of 511?
5
What is the ten thousands digit of 10703?
1
What is the hundreds digit of 32430?
4
What is the thousands digit of 1453?
1
What is the hundreds digit of 336?
3
What is the units digit of 820?
0
What is the tens digit of 826?
2
What is the hundreds digit of 1072?
0
What is the units digit of 17954?
4
What is the thousands digit of 11373?
1
What is the thousands digit of 37121?
7
What is the hundreds digit of 1448?
4
What is the units digit of 1503?
3
What is the units digit of 892?
2
What is the tens digit of 2720?
2
What is the tens digit of 163835?
3
What is the tens digit of 28157?
5
What is the tens digit of 73570?
7
What is the tens digit of 984?
8
What is the hundreds digit of 335?
3
What is the ten thousands digit of 54653?
5
What is the tens digit of 21455?
5
What is the hundreds digit of 58717?
7
What is the units digit of 603?
3
What is the units digit of 253?
3
What is the tens digit of 17124?
2
What is the hundreds digit of 71225?
2
What is the hundreds digit of 5285?
2
What is the thousands digit of 1636?
1
What is the hundreds digit of 8481?
4
What is the units digit of 1281?
1
What is the tens digit of 475?
7
What is the ten thousands digit of 43672?
4
What is the units digit of 17164?
4
What is the thousands digit of 6527?
6
What is the tens digit of 1118?
1
What is the ten thousands digit of 80526?
8
What is the units digit of 229?
9
What is the thousands digit of 52127?
2
What is the ten thousands digit of 13317?
1
What is the units digit of 4200?
0
What is the thousands digit of 59870?
9
What is the tens digit of 18584?
8
What is the hundreds digit of 271?
2
What is the hundreds digit of 2760?
7
What is the tens digit of 1134?
3
What is the hundreds digit of 75853?
8
What is the hundreds digit of 3937?
9
What is the tens digit of 181?
8
What is the thousands digit of 29521?
9
What is the units digit of 976?
6
What is the tens digit of 21427?
2
What is the tens digit of 4975?
7
What is the units digit of 54345?
5
What is the hundreds digit of 18682?
6
What is the thousands digit of 8982?
8
What is the thousands digit of 5898?
5
What is the tens digit of 68358?
5
What is the ten thousands digit of 22715?
2
What is the hundreds digit of 40576?
5
What is the units digit of 3833?
3
What is the ten thousands digit of 69315?
6
What is the hundreds digit of 1406?
4
What is the tens digit of 18004?
0
What is the ten thousands digit of 13562?
1
What is the hundreds digit of 8070?
0
What is the thousands digit of 15240?
5
What is the tens digit of 29554?
5
What is the tens digit of 11657?
5
What is the units digit of 1547?
7
What is the hundreds digit of 34549?
5
What is the hundreds digit of 16515?
5
What is the ten thousands digit of 18836?
1
What is the hundreds digit of 392?
3
What is the thousands digit of 9285?
9
What is the thousands digit of 25758?
5
What is the thousands digit of 2002?
2
What is the hundreds digit of 50392?
3
What is the tens digit of 71152?
5
What is the hundreds digit of 38954?
9
What is the hundreds digit of 846?
8
What is the thousands digit of 1921?
1
What is the ten thousands digit of 91061?
9
What is the tens digit of 7429?
2
What is the thousands digit of 2031?
2
What is the hundreds digit of 5247?
2
What is the hundreds digit of 1538?
5
What is the ten thousands digit of 33078?
3
What is the units digit of 1069?
9
What is the tens digit of 51447?
4
What is the thousands digit of 7722?
7
What is the tens digit of 68?
6
What is the hundreds digit of 7061?
0
What is the tens digit of 4604?
0
What is the thousands digit of 14674?
4
What is the hundreds digit of 36229?
2
What is the hundreds digit of 57016?
0
What is the units digit of 798?
8
What is the hundreds digit of 14963?
9
What is the hundred thousands digit of 120782?
1
What is the tens digit of 5432?
3
What is the thousands digit of 83117?
3
What is the units digit of 124663?
3
What is the tens digit of 581?
8
What is the tens digit of 2706?
0
What is the ten thousands digit of 114218?
1
What is the hundreds digit of 5843?
8
What is the tens digit of 2429?
2
What is the thousands digit of 4628?
4
What is the hundreds digit of 1311?
3
What is the units digit of 361?
1
What is the hundreds digit of 28525?
5
What is the tens digit of 4806?
0
